 is the remainder when 659 is divided by 33?
32
What is the remainder when 76 is divided by 12?
4
Calculate the remainder when 2013 is divided by 14.
11
Calculate the remainder when 156 is divided by 41.
33
Calculate the remainder when 85 is divided by 39.
7
What is the remainder when 1292 is divided by 40?
12
Calculate the remainder when 103373 is divided by 14.
11
What is the remainder when 2722 is divided by 343?
321
Calculate the remainder when 922 is divided by 28.
26
What is the remainder when 2617 is divided by 11?
10
What is the remainder when 2811 is divided by 234?
3
What is the remainder when 206 is divided by 98?
10
Calculate the remainder when 198 is divided by 25.
23
What is the remainder when 104 is divided by 27?
23
What is the remainder when 737 is divided by 75?
62
What is the remainder when 569 is divided by 195?
179
What is the remainder when 679 is divided by 552?
127
What is the remainder when 139 is divided by 16?
11
Calculate the remainder when 248 is divided by 3.
2
What is the remainder when 38 is divided by 9?
2
Calculate the remainder when 171 is divided by 10.
1
What is the remainder when 1790 is divided by 81?
8
Calculate the remainder when 578 is divided by 98.
88
What is the remainder when 143 is divided by 37?
32
Calculate the remainder when 1410 is divided by 200.
10
Calculate the remainder when 218 is divided by 22.
20
What is the remainder when 369 is divided by 116?
21
Calculate the remainder when 120 is divided by 36.
12
Calculate the remainder when 4419 is divided by 22.
19
What is the remainder when 7837 is divided by 59?
49
Calculate the remainder when 186 is divided by 4.
2
What is the remainder when 114 is divided by 17?
12
Calculate the remainder when 167 is divided by 76.
15
What is the remainder when 15530 is divided by 675?
5
What is the remainder when 190 is divided by 64?
62
What is the remainder when 229 is divided by 6?
1
Calculate the remainder when 109 is divided by 24.
13
What is the remainder when 1994 is divided by 15?
14
Calculate the remainder when 856 is divided by 11.
9
What is the remainder when 79 is divided by 67?
12
What is the remainder when 403 is divided by 115?
58
What is the remainder when 6042 is divided by 27?
21
Calculate the remainder when 5976 is divided by 399.
390
Calculate the remainder when 82 is divided by 19.
6
Calculate the remainder when 2958 is divided by 2950.
8
Calculate the remainder when 113 is divided by 9.
5
Calculate the remainder when 425 is divided by 83.
10
Calculate the remainder when 34 is divided by 11.
1
What is the remainder when 604 is divided by 208?
188
What is the remainder when 259 is divided by 65?
64
Calculate the remainder when 1337 is divided by 365.
242
What is the remainder when 148 is divided by 26?
18
Calculate the remainder when 1088 is divided by 99.
98
Calculate the remainder when 1422 is divided by 19.
16
Calculate the remainder when 17 is divided by 13.
4
Calculate the remainder when 1442 is divided by 203.
21
What is the remainder when 210 is divided by 48?
18
Calculate the remainder when 64 is divided by 38.
26
What is the remainder when 305 is divided by 80?
65
Calculate the remainder when 63 is divided by 28.
7
What is the remainder when 273 is divided by 52?
13
What is the remainder when 382 is divided by 5?
2
Calculate the remainder when 1544 is divided by 16.
8
What is the remainder when 169 is divided by 84?
1
Calculate the remainder when 474 is divided by 16.
10
What is the remainder when 808 is divided by 84?
52
What is the remainder when 327 is divided by 16?
7
What is the remainder when 310 is divided by 105?
100
Calculate the remainder when 486 is divided by 30.
6
Calculate the remainder when 1977 is divided by 20.
17
Calculate the remainder when 256 is divided by 88.
80
Calculate the remainder when 1169 is divided by 132.
113
What is the remainder when 31727 is divided by 48?
47
Calculate the remainder when 549 is divided by 139.
132
Calculate the remainder when 514 is divided by 104.
98
Calculate the remainder when 1321 is divided by 7.
5
Calculate the remainder when 104 is divided by 36.
32
What is the remainder when 644 is divided by 43?
42
Calculate the remainder when 460 is divided by 225.
10
Calculate the remainder when 463 is divided by 34.
21
Calculate the remainder when 21769 is divided by 9.
7
Calculate the remainder when 2371 is divided by 25.
21
Calculate the remainder when 127 is divided by 67.
60
What is the remainder when 859 is divided by 152?
99
Calculate the remainder when 566 is divided by 57.
53
Calculate the remainder when 2029 is divided by 10.
9
What is the remainder when 52 is divided by 11?
8
Calculate the remainder when 413 is divided by 120.
53
What is the remainder when 223 is divided by 121?
102
What is the remainder when 526 is divided by 41?
34
What is the remainder when 236 is divided by 60?
56
Calculate the remainder when 109 is divided by 62.
47
What is the remainder when 955 is divided by 54?
37
What is the remainder when 62 is divided by 58?
4
What is the remainder when 151 is divided by 78?
73
Calculate the remainder when 55 is divided by 30.
25
What is the remainder when 258 is divided by 4?
2
Calculate the remainder when 177 is divided by 31.
22
Calculate the remainder when 206 is divided by 57.
35
What is the remainder when 1392 is divided by 461?
9
Calculate the remainder when 871 is divided by 188.
119
Calculate the remainder when 200 is divided by 34.
30
What is the remainder when 99 is divided by 62?
37
Calculate the remainder when 57 is divided by 47.
10
Calculate the remainder when 345 is divided by 39.
33
Calculate the remainder when 76 is divided by 8.
4
What is the remainder when 486 is divided by 35?
31
What is the remainder when 216 is divided by 51?
12
Calculate the remainder when 260 is divided by 68.
56
Calculate the remainder when 45 is divided by 24.
21
Calculate the remainder when 2870 is divided by 87.
86
What is the remainder when 445 is divided by 32?
29
Calculate the remainder when 230 is divided by 66.
32
What is the remainder when 3398 is divided by 34?
32
Calculate the remainder when 292 is divided by 64.
36
Calculate the remainder when 20 is divided by 4.
0
Calculate the remainder when 4 is divided by 3.
1
What is the remainder when 136 is divided by 96?
40
What is the remainder when 319 is divided by 32?
31
Calculate the remainder when 60 is divided by 49.
11
Calculate the remainder when 3358 is divided by 663.
43
Calculate the remainder when 32828 is divided by 114.
110
What is the remainder when 677 is divided by 68?
65
Calculate the remainder when 563 is divided by 10.
3
Calculate the remainder when 101 is divided by 29.
14
What is the remainder when 7 is divided by 5?
2
What is the remainder when 128 is divided by 66?
62
What is the remainder when 47 is divided by 41?
6
Calculate the remainder when 12797 is divided by 40.
37
Calculate the remainder when 127 is divided by 12.
7
What is the remainder when 371 is divided by 9?
2
What is the remainder when 6058 is divided by 6?
4
What is the remainder when 574 is divided by 64?
62
What is the remainder when 5380 is divided by 83?
68
Calculate the remainder when 4407 is divided by 66.
51
What is the remainder when 555 is divided by 174?
33
Calculate the remainder when 20 is divided by 6.
2
Calculate the remainder when 218 is divided by 70.
8
What is the remainder when 148 is divided by 19?
15
Calculate the remainder when 146 is divided by 2.
0
Calculate the remainder when 173 is divided by 16.
13
Calculate the remainder when 587 is divided by 198.
191
What is the remainder when 2899 is divided by 10?
9
What is the remainder when 79 is divided by 36?
7
What is the remainder when 283 is divided by 36?
31
Calculate the remainder when 1032 is divided by 250.
32
Calculate the remainder when 100 is divided by 6.
4
Calculate the remainder when 299 is divided by 59.
4
What is the remainder when 311 is divided by 37?
15
Calculate the remainder when 67 is divided by 25.
17
Calculate the remainder when 440 is divided by 63.
62
What is the remainder when 61 is divided by 9?
7
Calculate the remainder when 59 is divided by 6.
5
Calculate the remainder when 77 is divided by 29.
19
What is the remainder when 105 